(u) = 491*u - 1468. Calculate b(3).
5
Let u(o) = o**2 - 7*o - 119. Give u(-7).
-21
Let d(n) = 52*n**2 - 7*n + 8. Give d(1).
53
Let c(z) = z**2 + 2*z - 5. Determine c(4).
19
Let z(r) = 1049*r + 1050. What is z(-1)?
1
Let v(g) = g**2 + 42*g + 159. Calculate v(-48).
447
Let y(k) = k**2 + 92*k + 565. Calculate y(-85).
-30
Let x(d) = 7*d**3 - 264*d**2 - 79*d - 40. What is x(38)?
-154
Let v(f) = 5*f**2 - 74*f + 63. Determine v(14).
7
Let f(s) = -188*s - 13718. Give f(-73).
6
Let m(w) = -7*w**2 + 76*w + 156. Determine m(-2).
-24
Let y(x) = -x**2 + 347*x - 10914. Calculate y(35).
6
Let l(p) = p**3 + 28*p**2 + 63*p + 290. Give l(-26).
4
Let o(n) = n**2 + 23*n - 59. Calculate o(0).
-59
Let x(z) = -z**3 - 95*z**2 + 6*z + 619. Calculate x(-95).
49
Let u(n) = n**3 + 98*n**2 + 90*n - 673. Calculate u(-97).
6
Let a(t) = 3*t**2 - 64*t + 287. What is a(6)?
11
Let j(x) = 11*x**2 + 370*x - 5018. Determine j(-44).
-2
Let f(a) = -a**3 - 12*a**2 + 13*a + 81. Give f(-12).
-75
Let s(n) = -n**3 + 35*n**2 - 30*n + 35. What is s(34)?
171
Let a(v) = 416*v - 5818. Give a(14).
6
Let y(x) = -957*x + 19126. Give y(20).
-14
Let l(r) = -r**2 + 6531*r - 26129. Calculate l(4).
-21
Let u(f) = 21*f + 505. Determine u(-25).
-20
Let i(j) = 10*j + 85. Determine i(0).
85
Let h(q) = -q**3 - 124*q**2 - 244*q. Calculate h(-122).
0
Let d(t) = -145*t + 15. Give d(-1).
160
Let w(g) = g**3 - 21*g**2 + 90*g + 11. Determine w(6).
11
Let v(l) = -1038*l + 13465. Give v(13).
-29
Let q(f) = -25*f**3 + 2*f**2 + 119*f - 244. Give q(2).
-198
Let p(x) = -3*x**3 - 16*x**2 + 16*x + 26. Calculate p(-6).
2
Let d(g) = 3*g**2 - 323*g + 4329. Calculate d(92).
5
Let r(x) = -226*x**3 - 13*x**2 + 15*x - 3. Determine r(1).
-227
Let h(d) = -d**2 - 8540*d - 127872. Determine h(-15).
3
Let x(a) = -171*a - 29056. Calculate x(-170).
14
Let b(m) = -146*m - 2303. Give b(-16).
33
Let x(p) = 23*p**2 + 95*p + 12. Give x(-4).
0
Let r(m) = -6*m - 68. Calculate r(-15).
22
Let p(s) = -s**2 - 199*s + 6353. Determine p(-227).
-3
Let q(k) = k**3 + 3*k**2 - 8*k + 59. Determine q(4).
139
Let o(t) = 166*t + 17945. Determine o(-108).
17
Let d(c) = c**3 - 26*c**2 - 26*c + 95. Determine d(27).
122
Let c(q) = -2*q**3 - 241*q**2 - 589*q + 103. Give c(-118).
-15
Let k(b) = -10*b**3 - 8*b**2 + 26*b - 6. Calculate k(3).
-270
Let y(v) = 5*v**3 - 73*v**2 + 15*v - 686. Calculate y(15).
-11
Let u(m) = 8*m**2 + 1022*m - 267. Calculate u(-128).
-11
Let f(z) = -33*z**3 - 108*z - 107. Give f(-1).
34
Let z(v) = v**2 + 36*v + 38. What is z(-15)?
-277
Let r(o) = 2*o + 71. Determine r(-20).
31
Let n(f) = 2*f**2 - 220*f + 4238. What is n(85)?
-12
Let k(s) = -s**3 - 6*s**2 - 11*s + 3. Calculate k(-3).
9
Let s(t) = -53*t + 283. Calculate s(7).
-88
Let i(h) = 43*h + 928. Calculate i(-22).
-18
Let c(n) = -14*n + 240. Calculate c(17).
2
Let c(j) = -15*j**2 + 312*j - 1426. What is c(14)?
2
Let y(a) = -3*a**2 + 282*a + 88. Give y(95).
-197
Let x(u) = -38*u + 1894. Give x(50).
-6
Let o(n) = 3*n**2 - 107*n - 725. Determine o(-7).
171
Let v(b) = b**2 + 22*b - 285. Determine v(9).
-6
Let p(m) = -39*m**2 - 765*m + 233. Calculate p(-20).
-67
Let r(m) = 15*m**2 - 479*m + 441. Give r(31).
7
Let h(m) = -2*m**2 + 47*m - 13. Give h(20).
127
Let n(p) = -8*p**3 - 4*p**2 + 7*p - 8. Calculate n(3).
-239
Let o(s) = 16*s - 195. Determine o(13).
13
Let a(h) = -7*h**2 + 10*h - 8. Calculate a(6).
-200
Let z(d) = -d**2 - 127*d - 3328. Give z(-90).
2
Let p(u) = 92*u + 440. Determine p(-4).
72
Let z(y) = -1506*y - 4400. Determine z(-3).
118
Let q(n) = -n**2 - 53*n - 393. Give q(-9).
3
Let m(o) = -o**2 - 653*o - 102831. Determine m(-265).
-11
Let x(c) = -17*c**2 - 372*c + 34. Give x(-22).
-10
Let y(v) = -2*v**2 + 40*v + 4. Determine y(19).
42
Let f(u) = 2*u**2 + 28*u - 13025. Calculate f(74).
-1
Let q(t) = t**3 - 116*t**2 + 103*t + 1388. What is q(115)?
8
Let d(g) = 4*g**3 + 37*g**2 + 11*g - 3. Give d(-8).
229
Let c(m) = m**2 - 930*m + 41506. Give c(47).
5
Let i(q) = -2392*q - 9589. Determine i(-4).
-21
Let u(w) = -14*w**2 - 366*w - 53. Determine u(-26).
-1
Let s(a) = 77*a + 522. Give s(-8).
-94
Let w(s) = s**3 + 14*s**2 - 82*s + 68. What is w(-19)?
-179
Let j(a) = 2*a**2 - 192*a - 3. What is j(96)?
-3
Let i(a) = 258*a + 1400. Determine i(-9).
-922
Let x(m) = -40*m + 658. What is x(18)?
-62
Let p(x) = 50*x**2 - 256*x + 4. Calculate p(5).
-26
Let o(b) = -418*b + 2096. Determine o(5).
6
Let j(l) = -610*l + 10368. Calculate j(17).
-2
Let u(n) = -3*n**3 - 27*n**2 - 16*n + 31. What is u(-8)?
-33
Let i(q) = -7*q - 86. Calculate i(8).
-142
Let g(q) = -4*q**2 + 169*q - 13. Calculate g(42).
29
Let t(r) = -r**3 + 22*r**2 - 122*r - 21. What is t(11)?
-32
Let r(f) = 3*f**2 + 52*f + 1. What is r(-9)?
-224
Let d(k) = -k**3 + 14*k**2 - 35*k - 26. Determine d(8).
78
Let d(i) = -i**2 - 57*i + 2057. Calculate d(-82).
7
Let r(m) = m**3 - 24*m**2 + 118*m + 13. Determine r(17).
-4
Let l(w) = -7*w**2 - 36*w - 112. What is l(-14)?
-980
Let t(q) = -2*q**3 - 62*q**2 + 626*q + 84. Determine t(-39).
6
Let t(n) = -8*n**2 + 865*n - 115. Calculate t(108).
-7
Let w(s) = -4*s**3 + 17*s**2 - 8*s - 5. Determine w(4).
-21
Let l(n) = 2*n**2 - 28*n - 542. Calculate l(-11).
8
Let v(l) = -121*l + 3707. Determine v(31).
-44
Let f(j) = -16*j**2 - 2*j - 7. What is f(-3)?
-145
Let o(c) = 7*c + 10. Calculate o(3).
31
Let m(n) = n**3 - 2*n**2 - n - 14. Determine m(4).
14
Let p(h) = -3*h**2 + 112*h + 590. Calculate p(-5).
-45
Let t(b) = 16*b + 37. Determine t(-12).
-155
Let z(j) = 109*j - 12103. Determine z(111).
-4
Let m(r) = 2*r**3 - 104*r**2 + 109*r - 338. What is m(51)?
19
Let y(p) = -5*p**3 + 18*p**2 + 4*p - 15. Give y(-1).
4
Let h(t) = -10*t**2 - 41*t - 9. Calculate h(-3).
24
Let y(u) = -30*u**2 - 96*u - 11. Give y(-4).
-107
Let h(f) = f**2 + 7*f - 67. Calculate h(-10).
-37
Let t(v) = 36*v**2 + 234*v + 139. Calculate t(-6).
31
Let c(d) = -2*d**3 - 85*d**2 - 30*d + 400. Give c(-42).
-104
Let f(c) = -782*c**2 - 3*c. What is f(0)?
0
Let t(n) = -18*n + 160. Give t(10).
-20
Let g(r) = -r**3 + 71*r**2 - 101*r + 2153. Calculate g(70).
-17
Let v(j) = 368*j + 1837. Give v(-5).
-3
Let i(x) = x**2 - 26*x + 189. Calculate i(15).
24
Let i(n) = n**3 + 18*n**2 - 49*n - 163. Give i(-20).
17
Let y(k) = k**3 - 23*k**2 + 46*k - 31. Give y(21).
53
Let l(j) = j**3 - 11*j**2 + 16*j + 27. What is l(9)?
9
Let c(t) = -30*t**2 - 5860*t - 1963. Determine c(-195).
-13
Let u(k) = 228*k + 17. Determine u(-2).
-439
Let n(z) = -41*z + 52. Determine n(2).
-30
Let i(g) = -4*g**2 + 2*g - 1. Give i(-6).
-157
Let i(x) = -x**3 - 155*x**2 + 471*x - 451. Calculate i(-158).
23
Let f(b) = 33*b**2 + 1030*b + 1196. Calculate f(-30).
-4
Let p(r) = 22*r - 266. Calculate p(14).
42
Let t(d) = -5*d**2 + 39*d + 35. Calculate t(7).
63
Let b(c) = -4*c**3 + 91*c**2 - 69*c + 20. Give b(22).
-46
Let s(d) = -d**2 + 437*d - 16190. What is s(41)?
46
Let t(w) = 135*w - 114. Calculate t(1).
21
Let f(z) = z**3 - 63*z**2 + 136*z - 834. What is f(61)?
20
Let l(q) = -2*q**3 - 32*q**2 - 44*q - 8. What is l(-13)?
-450
Let p(c) = -2*c**3 - 756*c**2 + 25359*c + 416. What is p(-409)?
7
Let h(s) = 4*s**3 - s**2 + 16*s + 93. Give h(-5).
-512
Let j(x) = x**3 - 17*x**2 + 104*x - 590. Calculate j(6).
-362
Let v(r) = -10*r - 76. Determine v(-13).
54
Let n(u) = 33*u**2 - 222*u - 35. Give n(7).
28
Let j(v) = v**2 + 13*v - 11. Give j(5).
79
Let l(x) = 64*x - 169. Determine l(3).
23
Let x(s) = 2*s**3 - 25*s**2 - 133*s + 868. Determine x(15).
-2
Let d(z) = -2*z**2 + 138*z - 1604. Determine d(15).
16
Let i(d) = 199*d - 29. What is i(2)?
369
Let r(i) = 230*i + 76. Determine r(2).
536
Let s(f) = 2*f**2 - 147*f - 6955. Give s(106).
-65
Let p(t) = 6*t**2 - 11. Determine p(7).
283
Let r(i) = 64*i - 4869. Calculate r(76).
-5
Let j(v) = -2*v**3 - 4*v**2 + 4*v - 4. Give j(-3).
2
Let o(l) = -3*l**2 - 206*l - 1900. Calculate o(-11).
3
Let w(m) = -m**3 - 48*m**2 - 466*m - 143. Give w(-13).
0
Let d(i) = 10*i**2 + 442*i + 97. Give d(-44).
9
Let h(c) = c**2 + 17*c - 2089. Give h(-55).
1
Let w(l) = l**3 - 66*l**2 - 1130*l + 804. Calculate w(80).
4
Let z(m) = -77*m - 1225. Give z(-16).
7
Let s(l) = 338*l**3 + 9*l**2 + 6*l - 2. Calculate s(-1).
-337
Let y(o) = 8*o**2 + 218*o - 1612. What is y(6)?
-16
Let m(c) = 596*c + 5949. Determine m(-10).
-11
Let l(d) = -367*d - 1908. What is l(-5)?
-73
Let n(f) = -4*f - 317.